x + 192. Calculate the highest common divisor of x and i.
12
Suppose 0 = 3*q - 2*y - 16, 0*q = -2*q + 4*y + 16. Let k = -120 + 184. Let f be ((-9)/q)/((-6)/k). What is the highest common factor of 36 and f?
12
Let x be ((-10)/3)/(1/(-3)). Suppose -u = -1 - x. Suppose -165 = -13*f + 8*f. What is the highest common divisor of u and f?
11
Suppose -3*o + 0*o + 18 = 0. Let t = o + -5. Let c = 10 + -3. What is the greatest common divisor of c and t?
1
Let y(a) = -2*a**2 - 4*a + 4. Let c(t) = -2*t**2 - 5*t + 5. Let o(b) = 3*c(b) - 4*y(b). Let z be o(4). What is the highest common divisor of z and 14?
7
Let y(n) = n - 2. Suppose -4*d + 33 = -0*l - l, 5*d = 4*l + 33. Let u be y(d). What is the highest common divisor of u and 21?
7
Suppose -4*v - 4*f + 24 = 0, 2*v + 10 = -v + 4*f. Let g = v + -1. Let t be -4 + -21*(-2)/6. Calculate the greatest common divisor of t and g.
1
Let j(i) = i**2 - 4*i - 2. Let m be j(8). Calculate the greatest common divisor of 50 and m.
10
Let c be (0 - 0 - -3) + (1 - -2). What is the highest common divisor of 30 and c?
6
Let w = 1 - 21. Let o = w - -38. What is the highest common factor of 126 and o?
18
Let m(x) = x**2 + 3*x - 6. Let g be m(-5). Let l(w) = 1 + 0*w**2 - g*w + 8*w - w**2. Let u be l(2). What is the highest common factor of u and 45?
5
Let x(v) = 7*v**2 - 19*v - 19. Let o(s) = -2*s**2 + 5*s + 5. Let r(c) = -22*o(c) - 6*x(c). Let j be r(-3). Calculate the highest common divisor of j and 110.
10
Let x be ((-2)/4)/((-3)/1026). Let s be ((-30)/(-9))/((-4)/(-30)). Let i = s + -6. Calculate the highest common factor of x and i.
19
Suppose -7*h = -57 - 153. What is the highest common divisor of h and 210?
30
Let v = -5 - -16. Let a = v - 8. Suppose 4*w + 5*t = 247, 5*w + 2*t - 310 = -a*t. What is the greatest common factor of w and 9?
9
Let s = 17 - 16. Calculate the greatest common factor of 1 and s.
1
Let p be (3 - 5)*((-3)/2 + 1). Calculate the highest common factor of 5 and p.
1
Let r(x) = -x - 3. Suppose -4*l - 30 = l. Let m be r(l). Let u(t) = 2*t**3 - 4*t**2 - t. Let j be u(3). Calculate the highest common divisor of m and j.
3
Let g = 60 - -45. Let c(i) = 5*i - 90. Let t be c(21). Calculate the greatest common divisor of g and t.
15
Let b(l) be the first derivative of 10*l**3/3 - l**2 - l + 1. Let s be b(2). Suppose -2*m + 5*m - 15 = 0. What is the greatest common divisor of s and m?
5
Let l(k) = k - 7. Let a be l(5). Suppose 0 = -d - d. Let o be 52 - (0 - d/a). Calculate the greatest common divisor of o and 13.
13
Suppose 15 = -h + 4*f - 7*f, 5*h + 15 = -3*f. Let x be 2 + h*(-2)/(-6). Calculate the greatest common divisor of x and 2.
2
Let w(j) = -j**2 + 10*j - 5. Let k be w(9). Suppose -k*z + 210 = -z. What is the highest common divisor of 10 and z?
10
Let x(j) = j + 23. Let u be x(-16). What is the greatest common divisor of 56 and u?
7
Let t = 137 + 43. Suppose 3*i = -5*o + t, 0*i + o = -5*i + 300. What is the greatest common divisor of i and 15?
15
Let l(b) = b**2 - 14. Let z be l(5). What is the highest common factor of 88 and z?
11
Suppose 2*a + 5*z - 23 = 0, 5*a - 4*z - 14 = -2*z. Calculate the greatest common divisor of 4 and a.
4
Suppose 31*p = 25*p + 180. Calculate the greatest common factor of p and 90.
30
Let w(k) = -k**3 + 3*k**2 + 2*k - 2. Let x be w(3). Let j be ((-6)/x)/((-3)/24). Suppose -2*c - 31 = -247. What is the highest common factor of c and j?
12
Let l = 32 + 0. Calculate the highest common factor of 4 and l.
4
Let u(k) = -k**3 - 4*k**2 - 4*k + 4. Let w be u(-4). Let c = 193 + -188. What is the highest common factor of c and w?
5
Let s be ((-6)/(-3) + 0)*40. Suppose 0 = 5*r + 4*w - s, 2*r - 5*r + 2*w = -70. What is the highest common divisor of 8 and r?
4
Let y be 2/(-9) - (-291)/(-27). Let c = y + 17. Calculate the highest common factor of c and 30.
6
Let r(q) = -47*q + 1. Let m be r(1). Let g be -1 + 2 + (-606)/(-6). Let u = m + g. What is the highest common factor of 8 and u?
8
Let w = 29 - 17. Calculate the highest common divisor of w and 3.
3
Let y = -101 + 140. Calculate the greatest common factor of 195 and y.
39
Suppose -3 = -j - 0*j. What is the greatest common divisor of j and 12?
3
Suppose -2 = 5*x + 4*f, -3*f = -3*x + f + 18. Let r be (99/(-6))/((-1)/x). What is the greatest common factor of 3 and r?
3
Suppose 675 = 5*k + 120. Let d be (-2 - k/3)/(-1). Let q be (9/3)/(6/52). What is the greatest common factor of d and q?
13
Let l(d) = -d. Let y be l(-2). Suppose -y*m = 2*m - 160. Suppose -8 = 2*o - 3*o. What is the highest common divisor of m and o?
8
Let r(k) = k**3 + 18 - 2*k**3 + k**2 + 2*k - k. Suppose 0 = -4*u - u. Let t be r(u). Calculate the greatest common factor of t and 12.
6
Let k = -6 + 2. Let f(s) = -s**3 - 2*s**2 + 2*s - 2. Let r be f(k). Suppose 5*o + r + 3 = 0, 0 = 3*h + o - 1. Calculate the greatest common factor of h and 14.
2
Let f(q) be the third derivative of -q**4/4 + 2*q**3/3 + 3*q**2. Let y be f(-4). What is the highest common divisor of y and 4?
4
Suppose 32802 = 2*v + v. Let r = 2541 - v. Let d be (-2)/7 - r/49. Calculate the greatest common factor of 19 and d.
19
Let a(u) = u**2 + 11*u - 11. Let k be a(-11). Let z = k + 17. What is the greatest common factor of z and 42?
6
Let y = 23 + -20. Calculate the greatest common factor of 9 and y.
3
Suppose 4*s = -a + 65, 3*a - 3*s - 114 = 6. Let l(v) = v + 2. Let r be l(7). Calculate the highest common divisor of a and r.
9
Let z be -3 + 62/(-4)*(-4 - -2). Calculate the highest common factor of 112 and z.
28
Suppose 7*a = 4*a + 180. Let z = -42 - -66. What is the greatest common factor of z and a?
12
Suppose 4*a - a - 195 = 0. Calculate the greatest common factor of a and 13.
13
Let m be 9/(-3 - (-2 + 0)). Let s = m - -5. Let n be (s/(-10))/((-6)/(-540)). What is the highest common divisor of 54 and n?
18
Suppose 6*z - 4*t = 3*z + 21, -5*t = -5*z + 30. Let y(o) = 21*o - 6*o**2 + 13*o**2 + 3 - 26*o. Let k be y(z). Calculate the highest common divisor of k and 34.
17
Let d be (-3 - -49)*(-1)/(-2). Suppose 42 = y + 2*l, -2*y + 3*l = -d - 68. Calculate the greatest common factor of 11 and y.
11
Let r be (-9)/(-2)*(-12)/(-9). Let g(h) = -3*h - 5. Let a be g(r). Let t = 32 + a. What is the highest common divisor of 45 and t?
9
Let q be 10/(-20) - 127/(-2). Suppose 3*p - q = -5*j + 47, 0 = 2*p + 4*j - 72. Let m = 168 + -68. Calculate the greatest common factor of p and m.
20
Let s = 50 + 52. Calculate the highest common divisor of s and 68.
34
Let i be (2*-2)/(-3 - -1). Suppose 0 = 5*o - 3*g - 30, -i*g = -5*o - 5*g. Calculate the highest common factor of o and 24.
3
Suppose -5*k + 57 = -123. Let p be -6*1/(6/(-4)). What is the highest common factor of k and p?
4
Suppose -3*w + x + 32 = 0, -4*w + 22 + 30 = x. Calculate the greatest common factor of 18 and w.
6
Let w = -3 - -7. Suppose -2*l = 4, -w*h + 5 + 13 = -l. Suppose h*r = 5*r - 27. What is the highest common divisor of r and 9?
9
Let i be -1 - -9 - (-5 - -7). Let u = 32 - 14. Calculate the greatest common divisor of u and i.
6
Suppose -2*c + 0*c = -6. Suppose 0 = 7*u - c*u - 12. Suppose 2*d - u = 1. What is the greatest common factor of 3 and d?
1
Let y = -19 - -49. What is the greatest common divisor of y and 75?
15
Let y = 12 + 9. Let s be (-344)/(-10) + y/35. Calculate the greatest common factor of s and 5.
5
Let i be -327*((-4)/6 + 1). Let h = i - -270. What is the highest common divisor of 23 and h?
23
Let g be ((-50)/(-6))/(-5)*-24. Calculate the highest common divisor of 4 and g.
4
Let o = -87 - -147. What is the greatest common factor of o and 12?
12
Let v(t) = t**3 - 10*t**2 + t - 2. Let q be (3 - (-2 - -5)) + 10. Let r be v(q). Calculate the greatest common factor of r and 48.
8
Let q be (-1)/(-2) - (-6)/4. Suppose 79 = n - q*z, -3*n + n = 2*z - 146. What is the greatest common divisor of 30 and n?
15
Let g = 14 - -25. Suppose 4*z = 4*t + 88, z - 3*z - 3*t + g = 0. Calculate the greatest common factor of z and 168.
21
Let i be 0 - ((-2)/1 + -10). Suppose h + l = -l + 195, -5*h + 915 = -2*l. Suppose 4*w = -4, 3*j = -0*j + 5*w + h. What is the greatest common factor of i and j?
12
Let m be 20 - (-4 - -1)/(-3). Suppose -2*a - 2*o = -34, -3*a - o + 27 = -28. Calculate the greatest common divisor of m and a.
19
Suppose -a + 16 + 0 = 5*d, a - 25 = 